 - 6*k - 2. Let s be t(-5). Let l = s + 22. Let p = -21 - l. What is the remainder when p is divided by 3?
1
Let p = 14 + 464. Suppose 0 = -s - 3*x + 120, 4*s - x - 2 = p. Suppose -5*j = -11*j + s. What is the remainder when 79 is divided by j?
19
Let p be (-182)/(-6) - 1/3. Let y = -19 + p. Let x = 138 + -97. Calculate the remainder when x is divided by y.
8
Let t(v) = -v**3 + 14*v**2 + 14*v + 21. Let s be t(14). Suppose 0 = 5*g + 2*c - s + 46, -g + 27 = 4*c. What is the remainder when g is divided by 12?
11
Suppose -2*q = 5*k + 177, -7*k + 4*k - q = 106. Let r = k + 61. Calculate the remainder when r is divided by 14.
12
Let d = -17 - -43. Suppose -2*c + x = -0*x - d, 3*x = c - 13. Suppose -4*n = -4*o + n + 149, -4*n = 5*o - 176. What is the remainder when o is divided by c?
10
Let l(b) = 37*b**3 - 2*b**2 + 6*b - 4. What is the remainder when 403 is divided by l(1)?
33
Suppose -3*r - 1186 = -5*u, 4*u = r + 1045 - 99. What is the remainder when 473 is divided by u?
1
Suppose -6*m + 495 = -m. Suppose 0 = -10*h + 7*h + 45. Suppose 60 = 3*y - h. Calculate the remainder when m is divided by y.
24
Let y(m) = 41*m - 13. Let o(g) = 21*g - 6. Let v(l) = -5*o(l) + 3*y(l). Suppose -2*j = -19 - 11. What is the remainder when v(2) is divided by j?
12
Let x be (-62)/4 - (-54)/(-36). Let a = x + 22. Suppose -a*v + 3*v + 14 = 0. What is the remainder when 25 is divided by v?
4
Let x be (5 + -5)/(1 - 0). Let t = x + 17. Calculate the remainder when t is divided by 5.
2
Let k(j) be the first derivative of -j**3/3 + 3*j**2 + 7*j - 3. What is the remainder when 180/(-3)*(7 - 155/20) is divided by k(5)?
9
Suppose -2*g - 3*i = -10, -g + 4*i = g - 10. Suppose -3*u = -k - 9, 0*u = 3*u + g*k + 9. Calculate the remainder when (-3)/(9/(-15)) + 0 is divided by u.
1
Suppose 32*a - 5244 = 9*a. Calculate the remainder when a is divided by 11.
8
Suppose -3*a = -7*a + b + 281, 2*a - 128 = -2*b. Let d(j) = 34*j - 58. What is the remainder when a is divided by d(2)?
9
Suppose 0 = 2*a + 2, 10 = 5*w + a + 1. Calculate the remainder when 53 is divided by (1/w)/(-1 + (-69)/(-66)).
9
Suppose -5*c + 186 = 56. Suppose 12 = -2*y + 5*y, 4*u = -2*y + 32. Calculate the remainder when c is divided by u.
2
Let t = -21 - -24. Suppose s - 2*c - 51 = -0*s, 146 = t*s + c. Calculate the remainder when s is divided by (2 + 11)/(1/2).
23
Suppose 2*n + 13 - 1 = 0. Let k(i) = -7*i**2 - 6*i + 3. Let r be k(n). Let a = -131 - r. What is the remainder when a is divided by 28?
26
Suppose -2*o - 553 = -7*q + 2*q, -q + 3*o = -108. What is the remainder when q is divided by 64?
47
Let k(m) = 2*m**2 - 15*m + 12. Let z be -4 + 3*(2 - -2). Let b = -2 + 10. Calculate the remainder when k(z) is divided by b.
4
Suppose -104 = 61*j - 69*j. Calculate the remainder when j is divided by 8.
5
Let j = -801 - -891. Calculate the remainder when 449 is divided by j.
89
Let t = 58 - 27. Let o be (19/3)/(5/(-15)). Let h = o + t. What is the remainder when 35 is divided by h?
11
What is the remainder when 63 is divided by 3*(4 - 6) - 14/(-1)?
7
Let w be -3 - -1 - (9 + 13). Let q = -17 - w. Calculate the remainder when 22 is divided by q.
1
Suppose -12*r = -60 + 24. Suppose 2*d + 3*d + 4*z - 109 = 0, -2*d - 2*z = -42. Let n = d - 14. Calculate the remainder when n is divided by r.
2
Let w(c) be the first derivative of 5 - 8*c - 3 + 4*c**2 + c. Calculate the remainder when w(4) is divided by 13.
12
Suppose 12 = 2*q - 6. Let s be (-2)/8 - (-29)/4. Suppose 2*y - q = s. What is the remainder when 13 is divided by y?
5
Let z = 9 + -14. Let p = 10 + z. Suppose 2*g = -n + 36, -7 + 59 = 2*g + p*n. What is the remainder when 30 is divided by g?
14
Let p = 23 - 21. Suppose -f + 17 = p. What is the remainder when 27 is divided by f?
12
Let g(r) = 3*r**2 + 49*r - 13. What is the remainder when 77 is divided by g(-17)?
14
Suppose 0 = -5*f + 5*v + 55, -4*v + 2 = -5*v. Calculate the remainder when f is divided by (-12)/(-8)*2/3.
0
Let g = -506 + 681. Calculate the remainder when g is divided by 96.
79
Calculate the remainder when 18 is divided by 2013/165 + (0 + 2)/(-10).
6
Let l = 85 - 81. Calculate the remainder when 107 is divided by l.
3
Suppose 0 = p - 27 - 0. Suppose -380 = -17*x - 125. Calculate the remainder when p is divided by x.
12
Let m(g) = g**2 + 14*g - 26. Let p be m(-15). Let k = p + 27. What is the remainder when k is divided by 5?
1
Let i(f) = -3 - f - 2 + 9 + 0*f. Let p be i(-5). Suppose -b + 0 = -5*h - 3, 0 = 3*b - 5*h - p. What is the remainder when 4 is divided by b?
1
Let g = 46 - -38. Let y = 20 - -9. What is the remainder when g is divided by y?
26
Suppose 3*d - 76 = 2*v + 167, 0 = -d + v + 80. Suppose -4*g + d = 7. Let i = 20 - 10. What is the remainder when g is divided by i?
9
Suppose -p + 59 = 5*f, -8 = 18*f - 14*f. What is the remainder when 219 is divided by p?
12
Let m(j) = -2*j - 17. Let u be m(-17). Suppose -u*q + 15*q = -24. Calculate the remainder when 19 is divided by q.
7
Let o(w) = w**3 + 4*w**2 - 24*w - 9. What is the remainder when 101 is divided by o(-7)?
5
Suppose 0 = 3*k - 6*k - 117. Let m = k + 57. Calculate the remainder when (-344)/(-6) - (-12)/m is divided by 20.
18
Suppose -2*i = -4*j - 102, -9*j + 8*j - 228 = -5*i. Suppose 0 = 4*m - 5*f - 518, 3*f = f + 4. Let u = m - i. What is the remainder when u is divided by 30?
27
Suppose -p + 65 = -63. Calculate the remainder when p is divided by 6 - ((-122)/6 + (-26)/(-78)).
24
Suppose x - 41 = -4*y - 4*x, -10 = -2*x. Calculate the remainder when (y/(8/(-19)))/(2/(-28)) is divided by 46.
41
Suppose j = 2*n + 31, -5*j + 202 - 59 = -4*n. What is the remainder when 29 is divided by j?
2
Let v(w) = 4*w**2 - w - 1. Calculate the remainder when 126 - (-7 - (-11 - 5)) is divided by v(-2).
15
Suppose 2*p = 45*m - 50*m + 155, 3*m - p = 82. Let y(j) = 10*j**3 + 3*j - 3. What is the remainder when y(2) is divided by m?
25
Suppose -3*d + 6*k - 5*k = -564, 5*d = -k + 932. Calculate the remainder when d is divided by 64.
59
Let q(m) = 2*m**3 + m**2 - m - 26. Calculate the remainder when q(7) is divided by 32.
30
Suppose -2 = -2*m, 3*m = 4*h - 667 - 178. Let t = 16 - 156. Let b = h + t. What is the remainder when b is divided by 25?
22
Suppose 1623 = 3*v + 1251. What is the remainder when v is divided by 14?
12
What is the remainder when (2 - (-6 - -5))*(-200)/(-12) is divided by 35?
15
Let x(u) = -5*u**2 - 94*u - 49. What is the remainder when 102 is divided by x(-18)?
10
Calculate the remainder when (400/(-60))/((-2)/183) is divided by 47.
46
Let p = -35 - -27. Let d(t) = t**3 + 8*t**2 - 6*t - 9. What is the remainder when d(p) is divided by 7?
4
Let v(w) = -76*w + 53. What is the remainder when v(-4) is divided by 12?
9
Let l be (-24)/30 + (-141)/5. Let x = 6 + l. Let p = x + 50. What is the remainder when p is divided by 10?
7
Calculate the remainder when 115 is divided by (10/(56 - 6))/((-1)/(-155)).
22
Suppose 0*c - 4*c = d - 1, -4*d + 24 = -4*c. Suppose 0 = 6*f - 13*f + 70. Suppose -d*p - f = -105. What is the remainder when p is divided by 7?
5
Let f = -1 - -16. Suppose 0 = 2*n - 7 - f. Suppose -21 = -2*w + 17. What is the remainder when w is divided by n?
8
Suppose -2712 = 2711*g - 2824*g. What is the remainder when (0 + -1)*95/(-1) is divided by g?
23
Suppose -31465 = -18*q - 3403. What is the remainder when q is divided by 60?
59
Suppose -2*f = 3*u - 205, -6*u - 5*f + 345 = -u. Calculate the remainder when u is divided by 48.
19
Let y(i) = -i**2 - 17*i + 42. Let m be y(-18). Suppose 26*p = m*p + 34. Calculate the remainder when 67 is divided by p.
16
Let i(r) = 4*r + 3. Let u be i(8). Suppose 3*b - 35 = -2*c, 4*c + u = 5*b - 38. What is the remainder when b is divided by 5?
3
Suppose -12*i - 20 = -332. What is the remainder when 66 is divided by i?
14
Let g(d) = 9*d**2 + d - 3. Suppose -3*y + 2 = k - 25, 5*k + y - 205 = 0. Suppose -k = 5*a - 7*a. Calculate the remainder when g(3) is divided by a.
18
Let p be 12/(-20) + (-46)/(-10). Let l = 21 - 3. What is the remainder when -20*(63/p)/(-9) is divided by l?
17
Let c(d) = d + 27. Calculate the remainder when 74 is divided by c(-2).
24
Let g = -161 + 104. Let p = g - -71. What is the remainder when 51 is divided by p?
9
Let g be 3/(-1)*(17 + -18). Suppose -y - y + 149 = 3*a, y = -g*a + 79. Suppose 0